{"id":3,"date":"2022-05-24T16:28:33","date_gmt":"2022-05-24T14:28:33","guid":{"rendered":"http:\/\/piattaformacomunista.com\/nuovo\/?page_id=3"},"modified":"2023-01-03T10:57:30","modified_gmt":"2023-01-03T09:57:30","slug":"privacy-policy-2","status":"publish","type":"page","link":"https:\/\/piattaformacomunista.com\/index.php\/privacy-policy-2\/","title":{"rendered":"Privacy Policy"},"content":{"rendered":"<p>[vc_row][vc_column][vc_column_text]<\/p>\n<p>Si chiariscono in questa pagina le modalit\u00e0 di gestione del sito in riferimento al trattamento dei dati personali degli utenti che lo consultano ai sensi e per gli effetti del Regolamento UE 679\/2016 (GDPR) in materia di protezione dei dati personali a coloro che interagiscono con i servizi web del sito www.piattaformadigitale.com.\u00a0<\/p>\n<p><strong>Luogo, finalit\u00e0 e modalit\u00e0 del trattamento dei dati<br \/><\/strong>Il trattamento dei dati connessi ai servizi web offerti dal sito sono curati da Scintilla Onlus, utilizzati al solo fine di eseguire il servizio o la prestazione richiesta e non sono comunicati a soggetti terzi, salvo che la comunicazione sia imposta da obblighi di legge o sia strettamente necessaria per l\u2019adempimento delle richieste.<\/p>\n<p><strong>Pulsanti e widget di social network<\/strong><br \/>I social buttons presenti sul sito raffigurano le icone o immagini di social network (Instagram) e consentono agli utenti che stanno navigando di interagire con un \u201cclick\u201d direttamente con le piattaforme social. Questi sono dei link che rinviano alla pagina account del Titolare sul social network raffigurato e non sono pertanto installati sul sito cookie di terze parti.<\/p>\n<p><strong>Modalit\u00e0 e durata del trattamento<\/strong><br \/>L\u2019utilizzo dei dati personali avverr\u00e0 con il supporto di mezzi cartacei, informatici o telematici, manuali e automatizzati per le finalit\u00e0 indicate, nel rispetto delle disposizioni relative alla riservatezza dei dati personali, da parte del Titolare e dei Responsabili. Non viene effettuata alcuna diffusione a terzi dei dati personali, salvo i casi in cui non ricever\u00e0 comunicazione con esplicita richiesta di diffusione dei suoi dati tramite le nostre pubblicazioni. L\u2019elenco aggiornato dei Responsabili del Trattamento \u00e8 visionabile attraverso la presente Privacy Policy o mediante richiesta specifica al Titolare del Trattamento agli indirizzi indicati nella presente informativa.<br \/>I dati sono conservati per i tempi prescritti dal Codice e dalle altre leggi applicabili; in ogni caso, il periodo di conservazione sar\u00e0 rappresentato dal tempo necessario a perseguire le finalit\u00e0 sopra esplicate o fino al momento in cui Scintilla Onlus dovesse ricevere una richiesta di cancellazione dei dati il cui consenso al trattamento sia opzionale e non obbligatorio.<br \/>In ogni caso, l\u2019utilizzo di cookies o di analoghe tecniche avverr\u00e0 nel pieno rispetto di quanto previsto dall\u2019articolo 122 del Codice, che individua la liceit\u00e0 di tali tecnologie per determinati scopi legittimi relativi alla memorizzazione tecnica per il tempo strettamente necessario alla trasmissione della comunicazione o a fornire uno specifico servizio richiesto dal Cliente\/Utente, che pu\u00f2 sempre opporsi al trattamento dei suoi dati per le finalit\u00e0 sopra specificate.<\/p>\n<p><strong>Conferimento dei dati da parte dell\u2019Interessato, rilascio del consenso da parte di quest\u2019ultimo e conseguenze del mancato consenso<\/strong><br \/>Fatta eccezione per i cookie tecnici strettamente necessari alla normale navigazione, per i quali il consenso \u00e8 obbligatorio, pena la possibile inutilizzabilit\u00e0 delle piene funzioni del sito stesso, il conferimento dei dati \u00e8 rimesso alla volont\u00e0 dell\u2019Interessato che decida di navigare sul sito dopo aver preso visione dell\u2019informativa breve contenuta nell\u2019apposito banner e di usufruire dei servizi che comportano l\u2019installazione di cookie. L\u2019Interessato pu\u00f2 evitare l\u2019installazione dei cookie non tecnici attraverso le apposite funzioni disponibili sul proprio browser.<\/p>\n<p><strong>Cookies<\/strong><\/p>\n<p>Il &#8220;Sito&#8221; (pattaformacomunista.com) utilizza i Cookie per rendere i propri servizi semplici e efficienti per l\u2019utenza che visiona le sue pagine Gli utenti che visionano il Sito, vedranno inserite delle quantit\u00e0 minime di informazioni nei dispositivi in uso, che siano computer e periferiche mobili, in piccoli file di testo denominati \u201ccookie\u201d salvati nelle directory utilizzate dal browser web dell\u2019Utente. Vi sono vari tipi di cookie, alcuni per rendere pi\u00f9 efficace l\u2019uso del Sito, altri per abilitare determinate funzionalit\u00e0. Analizzandoli in maniera particolareggiata i nostri cookie permettono di: memorizzare le preferenze inserite; evitare di reinserire le stesse informazioni pi\u00f9 volte durante la visita quali ad esempio nome utente e password; analizzare l\u2019utilizzo dei servizi e dei contenuti forniti da Scintilla Onlus per ottimizzarne l\u2019esperienza di navigazione e i servizi offerti.<\/p>\n<p><strong>Tipologie di Cookie<\/strong><\/p>\n<p><strong>Cookie tecnici<\/strong><br \/>Questa tipologia di cookie permette il corretto funzionamento di alcune sezioni del Sito. Sono di due categorie: persistenti e di sessione:<br \/><strong>Persistenti:<\/strong>\u00a0una volta chiuso il browser non vengono distrutti ma rimangono fino ad una data di scadenza preimpostata<br \/><strong>Di sessione:<\/strong>\u00a0vengono distrutti ogni volta che il browser viene chiuso Questi cookie, inviati sempre dal nostro dominio, sono necessari a visualizzare correttamente il sito e in relazione ai servizi tecnici offerti, verranno quindi sempre utilizzati e inviati, a meno che l\u2019utenza non modifichi le impostazioni nel proprio browser (inficiando cos\u00ec la visualizzazione delle pagine del sito).<\/p>\n<p><strong>Cookie analitici<\/strong><br \/>I cookie in questa categoria vengono utilizzati per collezionare informazioni sull\u2019uso del sito. Scintilla Onlus user\u00e0 queste informazioni in merito ad analisi statistiche anonime al fine di migliorare l\u2019utilizzo del Sito e per rendere i contenuti pi\u00f9 interessanti e attinenti ai desideri dell\u2019utenza. Questa tipologia di cookie raccoglie dati in forma anonima sull\u2019attivit\u00e0 dell\u2019utenza e su come \u00e8 arrivata sul Sito. I cookie analitici sono inviati dal Sito Stesso o da domini di terze parti.<\/p>\n<p><strong>Cookie di analisi di servizi di terze parti<\/strong><br \/>Questi cookie sono utilizzati al fine di raccogliere informazioni sull\u2019uso del Sito da parte degli utenti in forma anonima quali: pagine visitate, tempo di permanenza, origini del traffico di provenienza, provenienza geografica, et\u00e0, genere e interessi ai fini di campagne di marketing. Questi cookie sono inviati da domini di terze parti esterni al Sito.<\/p>\n<p><strong>Cookie per integrare prodotti e funzioni di software di terze parti<\/strong><br \/>Questa tipologia di cookie integra funzionalit\u00e0 sviluppate da terzi all\u2019interno delle pagine del Sito come le icone e le preferenze espresse nei social network al fine di condivisione dei contenuti del sito o per l\u2019uso di servizi software di terze parti (come i software per generare le mappe e ulteriori software che offrono servizi aggiuntivi). Questi cookie sono inviati da domini di terze parti e da siti partner che offrono le loro funzionalit\u00e0 tra le pagine del Sito.<\/p>\n<p><strong>Cookie di profilazione<\/strong><br \/>Sono quei cookie necessari a creare profili utenti al fine di inviare messaggi pubblicitari in linea con le preferenze manifestate dall\u2019utente all\u2019interno delle pagine del Sito.<\/p>\n<p>Scintilla Onlus, secondo la normativa vigente, non \u00e8 tenuto a chiedere consenso per i cookie tecnici e di analytics, in quanto necessari a fornire i servizi richiesti.<\/p>\n<p>Per ulteriori informazioni e per disattivare i cookie di terze parti:\u00a0<a href=\"http:\/\/www.youronlinechoices.com\/ch-it\/\" rel=\"external nofollow\">http:\/\/www.youronlinechoices.com\/ch-it\/<\/a><\/p>\n<p>Per tutte le altre tipologie di cookie il consenso pu\u00f2 essere espresso dall\u2019Utente con una o pi\u00f9 di una delle seguenti modalit\u00e0:<br \/>Mediante specifiche configurazioni del browser utilizzato o dei relativi programmi informatici utilizzati per navigare le pagine che compongono il Sito.<br \/>Mediante modifica delle impostazioni nell\u2019uso dei servizi di terze parti<\/p>\n<p><strong>Disabilitazione dei cookie<\/strong><br \/>Fermo restando quanto sopra indicato in ordine ai cookie strettamente necessari alla navigazione, l\u2019utente pu\u00f2 eliminare gli altri cookie attraverso la funzionalit\u00e0 a tal fine messa a disposizione dal Titolare tramite la presente informativa oppure direttamente tramite il proprio browser.<br \/>La maggior parte dei browser accetta automaticamente i cookies ma l\u2019utente normalmente pu\u00f2 modificare le impostazioni per disabilitare tale funzione. \u00c8 possibile bloccare tutte le tipologie di cookies oppure accettare di riceverne soltanto alcuni e disabilitarne altri. La sezione &#8220;Opzioni&#8221; o &#8220;Preferenze&#8221; nel menu del browser permette di evitare di ricevere cookies e altre tecnologie di tracciamento utente, permettendo inoltre di ottenere la notifica, da parte del browser stesso, dell\u2019attivazione di queste tecnologie da parte del sito che si sta visitando. In alternativa, \u00e8 anche possibile consultare la sezione \u201cAiuto\u201d della barra degli strumenti presente nella maggior parte dei browser.<\/p>\n<p><strong>Diritti dell\u2019interessato<\/strong><br \/>La informiamo che\u00a0<strong>in ogni momento lei potr\u00e0 esercitare i suoi diritti<\/strong>\u00a0nei confronti del Titolare del Trattamento, ai sensi dell\u2019art. 7 del Codice Privacy e degli Artt. 13-23 del Regolamento Europeo sulla Protezione dei Dati Personali n\u00b0679\/2016 (GDPR), ovvero potr\u00e0 ottenere la conferma dell\u2019esistenza o meno di dati personali che lo riguardano e di conoscerne il contenuto e l\u2019origine, verificarne l\u2019esattezza o chiederne l\u2019integrazione o l\u2019aggiornamento, oppure la rettifica.<br \/>Ai sensi dei medesimi articoli, ha anche il diritto di chiederne la cancellazione, la portabilit\u00e0, la limitazione, la trasformazione in forma anonima o il blocco dei dati trattati in violazione di legge nonch\u00e9 di opporsi per motivi legittimi al loro trattamento. Per l&#8217;esercizio di tali diritti, o per ottenere qualsiasi altra informazione in merito, le richieste dovranno essere rivolte a mezzo email al seguente indirizzo: teoriaeprassi@yahoo.it<\/p>\n<p><strong>Siti di terze parti &#8211; esclusioni<\/strong><br \/>I siti di terze parti a cui \u00e8 possibile accedere tramite i siti web di Scintilla Onlus non sono coperti dalla presente informativa. Si declina ogni responsabilit\u00e0 in merito ad essi. Le categorie di cookie utilizzate e il tipo di trattamento di dati personali da parte di queste aziende sono regolati in conformit\u00e0 alle informative rese da queste aziende.<\/p>\n<p>[\/vc_column_text][\/vc_column][\/vc_row]<\/p>\n","protected":false},"excerpt":{"rendered":"<p>[vc_row][vc_column][vc_column_text] Si chiariscono in questa pagina le modalit\u00e0 di gestione del sito in riferimento al trattamento dei dati personali degli [&hellip;]<\/p>\n","protected":false},"author":1,"featured_media":0,"parent":0,"menu_order":0,"comment_status":"closed","ping_status":"open","template":"","meta":{"footnotes":""},"class_list":["post-3","page","type-page","status-publish","hentry"],"_links":{"self":[{"href":"https:\/\/piattaformacomunista.com\/index.php\/wp-json\/wp\/v2\/pages\/3","targetHints":{"allow":["GET"]}}],"collection":[{"href":"https:\/\/piattaformacomunista.com\/index.php\/wp-json\/wp\/v2\/pages"}],"about":[{"href":"https:\/\/piattaformacomunista.com\/index.php\/wp-json\/wp\/v2\/types\/page"}],"author":[{"embeddable":true,"href":"https:\/\/piattaformacomunista.com\/index.php\/wp-json\/wp\/v2\/users\/1"}],"replies":[{"embeddable":true,"href":"https:\/\/piattaformacomunista.com\/index.php\/wp-json\/wp\/v2\/comments?post=3"}],"version-history":[{"count":1,"href":"https:\/\/piattaformacomunista.com\/index.php\/wp-json\/wp\/v2\/pages\/3\/revisions"}],"predecessor-version":[{"id":8992,"href":"https:\/\/piattaformacomunista.com\/index.php\/wp-json\/wp\/v2\/pages\/3\/revisions\/8992"}],"wp:attachment":[{"href":"https:\/\/piattaformacomunista.com\/index.php\/wp-json\/wp\/v2\/media?parent=3"}],"curies":[{"name":"wp","href":"https:\/\/api.w.org\/{rel}","templated":true}]}}